-5*s + 33. What is t(5)?
8
Let b(r) = -r**2 - 15*r + 8. Calculate b(-16).
-8
Let l(z) = -z**3 + 6*z**2 - 1. Give l(6).
-1
Let d(i) = i**3 + 8*i**2 + 8*i + 7. What is d(-7)?
0
Let v(d) = -28*d**2 - 6*d + 5. Calculate v(2).
-119
Let f(t) = -4*t**3 + 18*t**2 + 10*t - 22. What is f(5)?
-22
Let a(i) = i**2 + 5*i + 19. Determine a(-5).
19
Let n(x) = -2*x**3 + 13*x**2 + 6*x + 4. Calculate n(6).
76
Let p(i) = -i**3 - 15*i**2 - 4*i - 64. What is p(-15)?
-4
Let w(c) = c. What is w(-2)?
-2
Let h(b) = b**2 - 14*b + 29. Give h(9).
-16
Let w(b) = -b**3 + 5*b**2 - 4*b - 4. Calculate w(4).
-4
Let b(g) = -3*g - 11. What is b(-8)?
13
Let t(b) = 3*b - 35. Calculate t(-12).
-71
Let r(u) = -12*u - 2. Give r(2).
-26
Let s(j) = 6*j + 3. Calculate s(2).
15
Let r(u) = -u**3 + 6*u**2 - 6*u + 2. Give r(4).
10
Let p(l) = -l**3 + 2*l**2 + 9*l - 1. Determine p(6).
-91
Let k(y) = y**3 + y**2 - y + 21. What is k(0)?
21
Let m(x) = -x - 1. Determine m(2).
-3
Let o(h) = -16*h - 82. Calculate o(-6).
14
Let i(p) = 4*p**2 - 35*p + 66. Determine i(5).
-9
Let b(a) = 27*a + 3. What is b(-2)?
-51
Let i(z) = -z**2 + 6*z - 12. Calculate i(6).
-12
Let p(f) = f**2 - 10*f - 84. Give p(-5).
-9
Let h(x) = x**3 + 3*x**2 - 6*x - 6. Calculate h(-4).
2
Let y(x) = x**2 - 6*x - 11. What is y(6)?
-11
Let n(m) = 15*m + 133. Determine n(-9).
-2
Let u(y) = 2*y - 2. Determine u(6).
10
Let b(r) = 48*r + 1. Calculate b(-2).
-95
Let x(k) = 8*k - 57. Calculate x(8).
7
Let z(d) = 4*d**2 - 6*d - 5. Determine z(2).
-1
Let y(o) = 3*o**2 + 19. Give y(5).
94
Let a(b) = -b**2 + 6*b - 30. What is a(3)?
-21
Let j(g) = -g**3 - 11*g**2 + 12*g + 21. Determine j(-12).
21
Let t(x) = -6*x**2 + 3*x + 9. Give t(-3).
-54
Let l(i) = -18*i - 15. What is l(-1)?
3
Let r(i) = 13*i + 2. Calculate r(2).
28
Let z(x) = 14*x - 34. Calculate z(3).
8
Let d(c) = -c**3 + 22*c**2 + 26*c - 79. Calculate d(23).
-10
Let u(d) = -63*d - 701. Calculate u(-11).
-8
Let s(u) = -u**3 - 3*u**2 + 20*u + 7. Give s(4).
-25
Let q(g) = -g**3 - 14*g**2 - 15*g - 21. Determine q(-13).
5
Let j(l) = l**3 - 24*l**2 + 2*l - 55. What is j(24)?
-7
Let f(q) = 11*q + 8. Determine f(-1).
-3
Let i(r) = r**3 - 6*r**2 + 10*r - 8. Give i(3).
-5
Let d(i) = -i**3 + 5*i**2 + 3*i + 19. Determine d(8).
-149
Let b(w) = -w**3 + 5*w**2 + 4*w - 2. Calculate b(6).
-14
Let n(j) = -j**3 + 12*j**2 - 10*j - 6. What is n(11)?
5
Let c(l) = -15*l. Give c(-1).
15
Let m(a) = a**2 + 2*a + 4. Determine m(2).
12
Let x(v) = -v**2 - 2*v + 84. Determine x(8).
4
Let x(a) = a**3 + 11*a**2 + 9*a - 3. What is x(-10)?
7
Let y(q) = -37*q + 437. Calculate y(12).
-7
Let q(y) = -y**2 - 2*y + 31. Give q(-7).
-4
Let n(v) = 8*v + 66. Give n(-8).
2
Let n(g) = -2*g - 10. Give n(-6).
2
Let b(s) = s**3 + 4*s**2 + 4*s - 4. Determine b(-3).
-7
Let u(x) = 5*x + 22. Calculate u(-4).
2
Let s(n) = -n**2 + 8*n + 271. Give s(-13).
-2
Let v(m) = 4*m**2 + 62*m + 11. Give v(-16).
43
Let a(g) = g - 2. Determine a(-3).
-5
Let v(i) = -i**3 - 3*i**2 + 13*i + 24. Determine v(-4).
-12
Let y(b) = 8*b - 1. Determine y(1).
7
Let k(i) = -i**3 - 11*i**2 - 13*i - 2. Determine k(-10).
28
Let h(m) = -6*m**2 + m + 3. Determine h(3).
-48
Let f(t) = -t**2. Calculate f(1).
-1
Let o(s) = s**3 - 27*s**2 + 50*s - 14. Give o(25).
-14
Let x(s) = -3*s**2 - 62*s + 94. Calculate x(-22).
6
Let n(k) = -k**2 + 5*k + 21. Give n(9).
-15
Let u(m) = m**3 - 2*m**2 + 3. Give u(0).
3
Let a(d) = d - 15. What is a(5)?
-10
Let w(p) = 14*p - 36. Give w(6).
48
Let a(o) = -o**2 + o + 17. Determine a(-4).
-3
Let r(b) = 3*b + 19. Calculate r(-5).
4
Let z(a) = 3*a - 1. What is z(-5)?
-16
Let t(d) = 10*d - 10. Determine t(7).
60
Let l(n) = n**3 + 21*n**2 + 37*n + 4. Give l(-19).
23
Let p(f) = f**2 - f - 23. Give p(-10).
87
Let t(a) = 35*a**3. Calculate t(-1).
-35
Let z(m) = m**2 - 6. Determine z(-3).
3
Let z(o) = 2*o**2 + 98*o + 122. Determine z(-48).
26
Let n(s) = s + 16. Give n(-14).
2
Let j(d) = d**3 + 10*d**2 - 24*d - 247. What is j(-10)?
-7
Let w(x) = -2*x**3 + x. Determine w(0).
0
Let l(i) = -2*i**2 - 22*i + 12. Determine l(-12).
-12
Let d(i) = -31*i - 3. What is d(-1)?
28
Let i(l) = -l**3 - 10*l**2 + 2*l - 3. Determine i(-7).
-164
Let d(j) = -2*j**2 - 2*j - 11. What is d(5)?
-71
Let w(p) = -2*p**2 - 19*p + 43. What is w(-12)?
-17
Let m(t) = -3*t**2 - 45*t + 229. Calculate m(4).
1
Let p(t) = 2*t**2 + 3*t - 7. Give p(-5).
28
Let v(x) = 18*x - 64. What is v(3)?
-10
Let x(i) = i**2 + 24. What is x(-8)?
88
Let k(q) = -2*q**2 + 6*q + 52. Determine k(9).
-56
Let x(l) = l**2 - 2*l + 5. Determine x(10).
85
Let b(i) = i**3 - 10*i**2 + 7*i + 19. Calculate b(9).
1
Let p(d) = d - 33. Calculate p(36).
3
Let x(u) = -38*u + 1033. Calculate x(27).
7
Let i(q) = q**2 + 11*q - 6. Calculate i(-11).
-6
Let v(l) = -l**3 - 7*l**2 + 13*l + 28. Determine v(-9).
73
Let i(t) = t + 22. What is i(-13)?
9
Let i(m) = m**3 - 6*m**2 - 6*m + 5. Calculate i(6).
-31
Let c(r) = -2*r**3 - 4*r**2 + 6*r + 1. Calculate c(-4).
41
Let d(m) = -5*m**2 - 7. Determine d(3).
-52
Let z(m) = 22*m - 5. Calculate z(3).
61
Let k(t) = -3*t**2 + t - 5. Give k(-3).
-35
Let z(t) = t**3 + 2*t**2 + 2*t - 10. Calculate z(-4).
-50
Let a(m) = m**3 + 11*m**2 - 7*m + 16. Determine a(-12).
-44
Let d(y) = -y**3 + y**2 + 6*y - 5. What is d(3)?
-5
Let g(v) = 2*v**2 - 6*v - 5. Calculate g(-4).
51
Let n(c) = c**3 + 3*c**2 - 3*c + 4. Calculate n(2).
18
Let d(a) = 11*a**2 - 5*a + 5. Give d(2).
39
Let p(g) = g**2 + g - 8. What is p(-6)?
22
Let j(r) = 2*r**2 - 8*r - 10. What is j(7)?
32
Let g(l) = l**2 - 28*l + 27. What is g(1)?
0
Let q(l) = -2*l**2 + 8*l - 28. Calculate q(6).
-52
Let r(v) = -7*v. Determine r(3).
-21
Let q(b) = -10*b - 11. Calculate q(-5).
39
Let f(v) = -v**3 - 2*v**2 - 6*v - 9. What is f(-3)?
18
Let y(c) = 41*c**3 + 2*c**2 - c. What is y(1)?
42
Let g(i) = i**3 - 14*i**2 + 13*i - 28. Give g(13).
-28
Let m(o) = 17*o - 37. Give m(6).
65
Let i(b) = -4*b - 38. Calculate i(-8).
-6
Let x(r) = r**2 + 31*r - 309. Give x(-39).
3
Let i(v) = -v**3 - 12*v**2 + 16*v - 46. Determine i(-14).
122
Let q(r) = 3*r - 37. What is q(11)?
-4
Let o(x) = -x**2 - 7*x - 3. Give o(-4).
9
Let w(t) = 12*t + 17. Give w(-6).
-55
Let s(y) = -27*y - 6. Determine s(-2).
48
Let c(l) = -3*l - 35. What is c(-14)?
7
Let y(x) = 4*x**3 + 2*x**2 + 2*x. Calculate y(-2).
-28
Let i(o) = 3*o**2 + 43*o - 20. Give i(-15).
10
Let o(v) = -v - 8. Calculate o(-6).
-2
Let z(m) = 3*m**3 - 3*m**2 + 3*m. Determine z(1).
3
Let z(o) = -2*o + 27. What is z(4)?
19
Let i(t) = t**2 + t + 1. What is i(-2)?
3
Let c(u) = u**3 + 4*u**2 + 3*u. Determine c(-3).
0
Let u(t) = -13*t - 1. What is u(17)?
-222
Let g(y) = y**3 - 2*y**2 + y - 3. What is g(0)?
-3
Let u(x) = 6*x - 16. Give u(-10).
-76
Let n(l) = l**3 + 8*l**2 - 16*l + 48. Calculate n(-10).
8
Let o(k) = -k + 33. Determine o(-7).
40
Let m(p) = p**2 - 13*p + 11. Calculate m(11).
-11
Let f(g) = 12*g**2 - 100*g + 28. Determine f(8).
-4
Let w(g) = -g**2 + 12*g + 1. What is w(5)?
36
Let k(h) = -2*h**3 + 25*h**2 - 33*h + 2. Determine k(11).
2
Let r(q) = -q + 64. Calculate r(11).
53
Let u(v) = -20*v - 5. Give u(-2).
35
Let y(p) = 2*p**2 + 72*p - 4. What is y(-36)?
-4
Let o(w) = -w**3 + 8*w**2 - 15*w + 8. Give o(6).
-10
Let k(y) = -y - 9. What is k(4)?
-13
Let m(k) = -k**3 - 25*k**2 - 47*k - 24. Calculate m(-23).
-1
Let q(w) = 3*w + 8. Determine q(-6).
-10
Let b(i) = 29*i + 226. What is b(-7)?
23
Let j(d) = d**3 + 7*d**2 - 41*d + 33. Determine j(-11).
0
Let b(j) = 51*j - 50. Determine b(1).
1
Let i(r) = r**3 - 3*r**2 - 17*r + 56. Calculate i(4).
4
Let n(c) = -8*c + 26. Give n(7).
-30
Let q(y) = -y**3 + 11*y**2 + 24*y + 24. Determine q(13).
-2
Let o(v) = -3*v**2 - 74*v + 2. What is o(-25)?
-23
Let q(i) = i**2 + 16*i - 10. Calculate q(-14).
-38
Let p(w) = w**2 + 10*w + 2. What is p(-9)?
-7
Let p(d) = -d**2 + 67*d + 13. Give p(0).
13
Let c(k) = 2*k**3 + k**2 + 2*k + 1. Determine c(-1).
-2
Let u(s) = s**3 - 8*s**2 + 6*s + 6. Give u(5).
-39
Let k(s) = -s**3 + 24*s**2 - 3*s + 11. What is k(24)?
-61
Let v(j) = -6*j - 1. Determine v(5).
-31
Let f(w) = -w**3 - 3*w**2 + 7*w - 8. Determine f(-5).
7
Let a(p) = 2*p**3 - 43*p**2 + 22*p - 23. Calculate a(21).
-2
Let o(q) = q**2 - 2*q + 11. Determine o(5).
26
Let j(g) = -g**2 + 26*g - 116. Calculate j(19).
17
Let i(s) = -7*s**3 - s - 1. Give i(-1).
7
Let v(d) = -d**2 + 6*d - 3. What is v(4)?
5
Le